it of u?
5
What is the hundreds digit of (-4)/3 - ((-764764)/33)/14?
6
Let u(n) = -n**2 + 19*n - 10. Let h be u(13). What is the tens digit of h + -2 - -1*2?
6
Suppose -4*h - 29 = -3*m, -2*m - 2*m = 5*h + 13. Let k = 30 - 15. What is the units digit of 8/6 + h/k?
1
Suppose l + 30 - 34 = 0. Suppose 3*i - 134 = 2*h - l, 5*i + h - 234 = 0. What is the tens digit of i?
4
Let z(w) = 52*w**2 - 4*w - 1. Let k be z(-2). Suppose -7*c = -2*c - k. What is the units digit of c?
3
Let h = 1 + 2. Let g = h - -21. Suppose -36 = -2*f + g. What is the tens digit of f?
3
Let n = 3545 - -1128. What is the hundreds digit of n?
6
Let q(c) = -c - 3. Suppose 0 = 5*a + 15, 5*b - 6 = -3*a - 50. Let i be q(b). Suppose -3*l = -v - 53, 5*v - 63 = -i*l - 5. What is the units digit of l?
7
Let a = 1852 - 931. What is the hundreds digit of a?
9
Let y = 40 + 117. Suppose -4*s - 8 = -6*s. Suppose -9 = s*r - y. What is the tens digit of r?
3
Suppose 78 = 3*o + 3*x, -5*o + o + 100 = 5*x. What is the units digit of o?
0
Let b be 27/(-9)*(-2 + (-61)/(-3)). What is the units digit of 56 - (10/b + (-40)/22)?
8
Let r(s) = -s + 14. Let w be r(11). Suppose 18 = y + w*p, y + 0*y = 2*p - 2. What is the units digit of y?
6
Let z(m) = -4*m + 3. Let g be z(-1). Suppose -c + 15 = -g. What is the units digit of c?
2
Let v(s) = s**2 - 7*s + 11. Let u be v(11). Suppose 0 = -3*k + 2*a + 145, -a - u = -k + a. What is the tens digit of k?
4
What is the hundreds digit of ((-1146)/4)/((-10)/20)?
5
Let g(u) = u**3 - 3*u**2 + 2*u - 2. Let w be g(3). Let r(n) = 6395*n + 3*n**2 - 1 - 6395*n. What is the units digit of r(w)?
7
Let v(m) = -m**2 - m + 3. Let a be v(0). Suppose 0 = -a*b - 2*j + 94 - 36, -3*j = -b + 12. What is the tens digit of -5*-4*b/15?
2
Let h(w) = w**2 - 9*w - 19. Let c be h(8). Let x be (-6)/(-27) - 2478/c. Suppose -y = -3*y + x. What is the units digit of y?
6
Let g(x) = 11*x**2 - 4*x + 3. Let w(t) = -3*t - 10. Let y(r) = -r**2 + 6*r + 3. Let c be y(7). Let n be w(c). What is the units digit of g(n)?
9
Suppose -3 - 9 = -3*s. What is the tens digit of ((-2)/s)/((-7)/1358)?
9
Let a = 8 + -45. Let k = -9 - a. Suppose x - u - k = 0, 0*u = u. What is the units digit of x?
8
Suppose 2*r + 4*n = 604, -3*n + 572 + 626 = 4*r. What is the hundreds digit of r?
2
Let f = -71 + 73. Suppose -17 = -k - f*r, -r = 2*k + 2*r - 33. What is the units digit of k?
5
Suppose 0 = d + 3*b - 271, 0 = 5*b - b + 4. Suppose -3*r + 2*r - 2 = 0, -2*c + r = -d. Suppose -c = -2*l - 2*l. What is the tens digit of l?
3
Let k(a) = -a**3 + 6*a**2 - a + 6. Let s be k(6). Let l be s + 1 - (-16 + -1). Let b = l - -3. What is the tens digit of b?
2
Let y(b) = 4*b + 19. Let t(r) = 5*r + 20. Let q(o) = 2*t(o) - 3*y(o). Let i be q(-11). Suppose -i*x - 22 = -2, 0 = 2*a - 4*x - 42. What is the units digit of a?
3
What is the hundreds digit of 4/3*(-15 + 105)?
1
Suppose -15*h + 7*h + 168 = 0. Suppose -h = -6*n + 675. What is the units digit of n?
6
Suppose -3*h - 42 - 9 = 0. Let i = h - -112. What is the units digit of i?
5
Let i be (-2)/4 - (-39)/2. What is the tens digit of i/(30/9 + -3)?
5
Let r(y) = y - 18. Let q be r(4). Let h(s) = s**3 + 16*s**2 + 13*s + 14. What is the units digit of h(q)?
4
Let q(f) = -f**3 + 3*f**3 + f + 220*f**2 - 230*f**2. Let p be q(5). Suppose 5*c = -3*v - 0*v + 115, -p = -v. What is the tens digit of c?
2
Let s be (4 + -3)/(1/2). Suppose 7 - 57 = s*u. Let o = u + 53. What is the tens digit of o?
2
Suppose -3*y - 1394 = -4*j, y - 406 = -4*j + 996. What is the units digit of j?
0
Suppose 0 = -2*q - 3*q - 2*d + 8263, 4*q - 6609 = -3*d. What is the hundreds digit of q?
6
Let w = 6113 - 2565. What is the thousands digit of w?
3
Let o(g) = 2*g**3 + 40*g**2 + 6*g + 3. What is the units digit of o(-13)?
1
Let d = -10 + 6. Let x(q) = q**3 + 6*q**2 + q + 2. Let c be x(d). What is the units digit of (-1)/(1/3) + c?
7
Let h be 1 + -3 + 0 - (-9 + 0). What is the tens digit of (h + 0)/((12/56)/3)?
9
Suppose 58 = -3*d + 70. Let l = 20 - d. What is the tens digit of l?
1
Suppose 5*k = 0, -8*b + 2*k = -4*b - 1080. Suppose 0 = -2*q + 5*v + 277, -99 = q + 4*v - b. What is the tens digit of q?
5
Suppose -29*k + 970 = -277. What is the units digit of k?
3
Let a(y) = 262*y**2 + 14*y + 3. What is the thousands digit of a(2)?
1
Let z(d) = d**3 + 6*d**2 - 7*d - 4. Let w(q) = -3*q + 32. Let p be w(12). What is the tens digit of z(p)?
5
Suppose -3*a - 3*q = 0, 0*q + 10 = 5*q. What is the tens digit of 328 + 3 + a*3/6?
3
Let h be 1/(-1*1/(-7)). Suppose 7*k - 3 = 11. Suppose t = k*t - h. What is the units digit of t?
7
Let t = 167 + -112. What is the units digit of (-6178)/(-22) - (-10)/t?
1
Suppose 20*q - 22*q = -2. What is the units digit of 10*q + -12 + 11?
9
Let f(j) = 3*j**2 - 8*j + 9. Suppose 2*q = 5*y + 8, -2*q + 7*q = y + 20. What is the tens digit of f(q)?
2
What is the hundreds digit of (-3)/((-1062)/(-213) + (-21 - -16))?
2
Let q(d) = 11*d**2 - 39*d + 398. What is the tens digit of q(22)?
6
Suppose -2*a = -5*p - a + 28, 0 = -2*a - 6. Suppose -15 = -0*c - p*c. Suppose 0 = 2*d - 4*j - 66, -c*d - 4*j - j = -132. What is the tens digit of d?
3
Let u(z) = -14*z - 1. Let n = 3 + -6. Let w be u(n). Suppose -3*a + 4*l + 87 = 0, 2*a - 3*l = -6*l + w. What is the units digit of a?
5
Suppose -2*a + 4*o = -26, -4*a + 35 = -a - 5*o. Suppose 20 = a*g - 35. What is the units digit of g?
1
Let k be ((-9)/(-6) + -2)/(4/16). What is the units digit of (-172)/k - ((1 - -1) + 2)?
2
Let q be 1/(((-10)/(-8))/5). Suppose -5*g = y - 20, -4*g - 8*y + 16 = -q*y. Suppose -6*n = 5*l - 3*n - 73, 0 = -g*l + 5*n + 88. What is the tens digit of l?
1
Let j = 33 - 26. Suppose 0 = 3*n - j*u + 3*u - 107, u + 78 = 2*n. What is the tens digit of n?
4
Let h = 26 + -31. Let n(b) = 3*b**2 - 3*b - 10. What is the units digit of n(h)?
0
Suppose 33432 = 12*g - 6*g. What is the tens digit of 1/7 + g/98?
5
Suppose 4*a + 3*b - 3744 = 0, -4*a + 5*b = -a - 2808. What is the hundreds digit of a?
9
Let u be (-1)/1*0/10. Suppose u = o - 4*m - 6, 46 = 4*o - o + 2*m. What is the units digit of o?
4
Let w = 5 - 2. What is the tens digit of 0/(-2 + w) + 26?
2
Let n(t) = -66*t**3 + 6*t**2 + 9*t + 12. What is the thousands digit of n(-3)?
1
Let n = -94 + 54. Let q = -65 - n. Let d = q - -45. What is the units digit of d?
0
Let u = 20 + -14. Let k(r) = 4*r - 20. Let j be k(u). Suppose 3*l + j*p - 118 = -48, 3*l = -p + 85. What is the tens digit of l?
3
Suppose -z - 2 = -4. Let o be -21*z/(-30)*5. Suppose -s + 0*s + o = 0. What is the units digit of s?
7
Let o be 3 + 63 + 4 + 0. Let k(u) = -o + 71 + 3*u**3 - 2*u - 2*u**2 + 0*u. What is the units digit of k(2)?
3
Let a = 2054 + -949. What is the units digit of a?
5
Let g = 383 + -228. Suppose 3*s - 2*j = g, 6*s - s + 4*j - 295 = 0. What is the units digit of s?
5
Let n(l) = -l**3 - 7*l**2 - 3*l - 9. Let y be n(-7). What is the units digit of (4/y)/(3/2421)?
9
Let w(z) = z + 18. Let r be (-1)/2*0/(-4). Let u be w(r). Let g = u - 7. What is the units digit of g?
1
Suppose -354*t - 4396 = -356*t. What is the hundreds digit of t?
1
Let p(i) = -458*i + 86. What is the tens digit of p(-6)?
3
Let g = 202 - -412. What is the units digit of g?
4
Suppose -g + 7 = 3*x, 0*g - 3*g + 7 = 2*x. Let j be x/(-2) + (-1 - 32). Let k = -22 - j. What is the units digit of k?
2
Suppose -172*f = -180*f + 2296. What is the units digit of f?
7
Suppose 4*w = 2*y - 66, 90 = 3*y - 3*w - 12. Suppose y = 5*a - 5. Suppose 0 = -0*l + l - a. What is the units digit of l?
8
Let d be -254 + -1 + 0 + 3. Let t be (1/2)/((-3)/d). Suppose 105 = 3*k + t. What is the units digit of k?
1
Suppose 4*q + 60 = -4*x, -2*x + 3*q - 31 - 19 = 0. Let p = 30 + x. What is the tens digit of p?
1
Let z(k) = -k**2 - 10*k - 6. Let d be z(-9). Suppose 0 = -5*u + d*u - 20. What is the tens digit of (38 + 2)*(-8)/u?
3
Suppose 0 = g - 1 - 248. What is the tens digit of g?
4
Suppose 0 = 10*a - 6*a. Suppose -2*r - 3*l - 7 = a, 5*l - 4 = 5*r + 1. What is the tens digit of (-1)/r - (-287)/14?
2
Suppose 0 = -3*j - q, 3*j + 12 = 2*q + q. Let y(r) = -2*r + 1 - 12*r**3 + r + 3*r**3 - 2*r**3 - 3*r**2. What is the tens digit of y(j)?
1
Let h(o) = -25*o - 1. Let v be h(-1). Suppose -9*b = -7*b - v. What is the units digit of b?
2
Let d = -76 + 93. Suppose -13*i + d*i - 68 = 0. What is the ten